+ (9 - 13)).
10
What is the value of 0 - (23 + -3 + -13)?
-7
What is the value of (-3 - -23) + -9 - ((-4 - -14) + -3)?
4
5 + -16 + (0 - (-5 + 3))
-9
What is the value of (10 + 7 - 8) + -9 + -16?
-16
(-8 - -15 - 32) + -9
-34
Calculate 1 + -5 + (5 - 8) - 2.
-9
Evaluate 5 + 1 + -7 + 23.
22
-17 + 6 - -9 - (-5 - 0) - 14
-11
What is the value of (-16 + 1 - (-32 + 35 + -14)) + 23?
19
Calculate 8 - 3 - (4 - -1 - (19 + 7)).
26
What is (6 - (-63 + 58 - (-7 + -1))) + 8?
11
Evaluate (8 + -13 - -7) + 15 + (0 - 6).
11
Calculate 9 - (-2 - -6 - (44 - 19)).
30
What is (-63 - (67 + -129)) + (0 - (-37 - 0))?
36
What is the value of -2 + (21 + -30 - -6)?
-5
What is (11 - (8 + 11)) + 16?
8
Calculate -32 - -22 - (-18 - 15).
23
What is the value of (-15 + 4 - (-9 + 3 + 7)) + 16?
4
1 + 12 - ((-9 - -23) + -2)
1
-8 + (7 + (-14 - -7) - -17)
9
What is -12 + (-1 - 10 - -26)?
3
What is -13 + -5 + -9 + 11 + -1 + 6?
-11
What is the value of 5 - -17 - (-3 - (-2 - -2))?
25
-2 - 16 - (-3 + -3 + 2) - -2
-12
Calculate -3 + 1 - (22 + -50 - -27).
-1
What is -1 + -4 + -1 + (-46 - -44 - -10)?
2
What is -1 + 0 - -4 - 5?
-2
Evaluate 19 + 1 + -13 + (-8 - -4).
3
5 - (27 + -34 + -2 + 7)
7
What is 5 + -2 - ((3 - 2) + -9)?
11
What is (138 - 126) + (-1 - 0)?
11
Evaluate 39 - ((0 - (-39 + 43)) + (-1 - -10)).
34
Calculate 37 - 49 - (2 + (0 - (8 - 1))).
-7
Evaluate 10 + (-5 - 12) + -3.
-10
Evaluate 21 - (24 + 0) - (-23 + 4).
16
88 + -105 + 0 + 4
-13
Evaluate (-3 - (1 - 1)) + (16 + -7 - -6).
12
Calculate 21 + -14 - -14 - (-2 - (-9 - 0)).
14
Calculate -30 + 38 - ((-2 - (2 + 2)) + 28).
-14
-9 + (-7 + 1 - -18)
3
What is -2 - (-5 - (3 - 12) - (10 + 1))?
5
What is -5 - (6 - (-3 - 3 - -7 - -2))?
-8
What is -5 + (-5 - (-10 - (-8 + 9 + -8)))?
-7
What is 11 + -7 + -12 + 16?
8
Calculate -269 + 281 + (0 - (1 - 1)).
12
What is (9 - (2 + 0)) + (-46 - -42) + -12?
-9
Evaluate 4 - (14 - 14 - (1 - -5)) - 30.
-20
What is -9 + (-34 + 32 - (-1 - -3)) + 0?
-13
What is 0 - -2 - (-5 - (1 + 1 + -17))?
-8
Evaluate -1 - (1 - -12) - (64 + (-54 - 16)).
-8
Evaluate 1 + 7 + -10 + -1 + -6.
-9
Calculate -3 - (-3 - ((-5 - -1) + -2)).
-6
What is (-7 - (-32 - -19)) + -14?
-8
What is the value of -223 + 215 - ((2 - 0) + -1 + -5)?
-4
3 - 1 - (0 - (-4 + 2) - 6)
6
Calculate 50 + -14 + -4 + -7 + -1.
24
What is -27 + 10 + (-1 - 6)?
-24
Evaluate -7 - 4 - -3 - (4 + -3 + -6).
-3
Calculate -14 - -32 - 10 - (-1 - -5) - 8.
-4
What is 72 + -30 + -38 - 23?
-19
1 + 6 + (-57 - -50) + (-6 - 9)
-15
-6 + (7 - (-1 + 4))
-2
-5 + (21 - 52 - -16)
-20
-22 + 46 + -22 + -8
-6
-2 + (-6 + (-8 - -15) - -13)
12
Evaluate 1 - (-6 - (6 - (5 + 0) - 16)).
-8
(-5 - -5 - 10 - (-14 - 0)) + 31
35
Evaluate 16 - (1 + 6 + 11 + -31).
29
What is the value of 8 - (-4 + 3 + -5)?
14
16 + (-23 - (-23 + 21))
-5
What is the value of 1 - -17 - (16 + 0 + (30 - 38))?
10
What is -60 + 58 + 8 + 0 - 9?
-3
What is -1 + 0 - (10 - -7 - 11)?
-7
What is the value of 0 + (20 + -15 + 5 - 14)?
-4
Evaluate 1 + 30 + -13 - 25.
-7
(-12 - (2 - 5)) + (-86 - -42 - -25)
-28
Calculate (3 - 3 - 1) + 211 + -242.
-32
Evaluate (-3 - (1 + 2)) + 10 - (-2 + 29).
-23
What is the value of -37 + 16 + 15 - (3 + -28)?
19
What is (-161 - -134) + (-5 - (0 + 4 + -8))?
-28
What is (14 - 7) + -6 + -15 + 5?
-9
Calculate 9 + -28 - -11 - ((-2 - -6) + -33).
21
Calculate (28 + -18 - 3) + -2 - 28.
-23
What is the value of 1 + 4 - 0 - 1 - (-7 - -1)?
10
206 - 205 - (-3 - (0 - 2))
2
Calculate 1 + (2 - 0) + (-167 + 89 - -59).
-16
What is the value of (1 - (-7 + 12)) + (1 - (-4 + 4))?
-3
64 + -57 + 0 + 2 + -20 - -27
16
What is the value of 13 + (-26 - -1) - -7 - 0?
-5
(-10 - -6) + 0 + -4 - (58 - 51)
-15
13 - (23 + -8) - ((2 - -9) + -1)
-12
What is the value of (4 - ((-6 - -23) + -23)) + 2?
12
What is -20 - 0 - (3 + (18 - 9) + -13)?
-19
Evaluate (43 - 35) + -13 + (-1 - -1).
-5
Evaluate 27 - 14 - (-3 - -8).
8
What is 20 + -4 + (11 - 62)?
-35
What is the value of (-4 - (0 + 0 + 0)) + 11?
7
13 + (-3 - 21 - -6)
-5
What is the value of -43 + 56 + (-1 - 7) + -5?
0
Calculate (5 - (-2 + (7 - 2))) + 8.
10
Calculate -11 + 2 + 17 - -3.
11
Calculate (39 - 19) + -19 + -16.
-15
What is the value of -31 + 11 - (-14 - -4) - -7?
-3
Evaluate 0 + 7 + -7 + (5 - 5) + -1.
-1
Calculate 4 + (4 - 16) - (-33 + -7 + 25).
7
What is the value of 0 + 4 + -16 - (7 - 6)?
-13
Calculate -6 + 4 + 1 + (-8 - (-12 + 12)).
-9
4 - (-3 + (-2 - 0)) - 18
-9
What is the value of 8 + (2 - 3 - (20 + -1))?
-12
What is the value of 23 - (3 + 3 + 9 + -2)?
10
Calculate 17 - (5 + 11 + 17).
-16
What is the value of 4 - (1 - 5) - (1 - -7)?
0
Evaluate (10 - 3) + -6 - 7 - (-14 + 0).
8
2 - (3 - 9) - (18 + -9)
-1
What is -98 + 89 + 5 + 1 + 7 + -2?
2
Evaluate 2 - (-4 + 19 + -3).
-10
Evaluate 5 + -3 - -7 - 15.
-6
Evaluate (-17 - -18) + 30 + -45.
-14
Evaluate -306 + 317 - (0 + (-2 - (0 + -3))).
10
-23 - (11 - 23) - 0
-11
What is the value of (-4 + 18 + -10 - -7) + 6 + -2?
15
10 - (19 - 3 - 2)
-4
What is the value of (-7 - -1) + -1 + 7 + (6 - 4)?
2
Evaluate 17 + (19 - 29) + -2 - (-1 - 2).
8
What is the value of (9 + 1 + -8 - -19) + -3?
18
Evaluate 3 + 0 - 25 - (-161 - -150).
-11
What is -6 - (3 + (-2 - (10 + -5)))?
-2
What is 4 + (-4 - -4) + -7 - (-3 + 3)?
-3
What is the value of -3 - (21 + -20) - 18?
-22
What is the value of -3 + -28 - -14 - -9?
-8
What is -6 - (-2 + -4 + 7) - 3?
-10
Evaluate 1 - (-7 + (13 - (-3 + -4 + 7))).
-5
What is 8 - (-16 - 1 - -6 - -28)?
-9
-1 + 31 + -25 + (2 - -14)
21
Evaluate 21 + -16 + -29 + 20.
-4
Calculate 3 - -3 - (6 + -4 + -1 + 2).
3
Evaluate (2 - -1) + -42 + 45 + -5 + -3.
-2
Evaluate (25 - 25) + (-7 - 1).
-8
Calculate -25 + 38 + -21 + 12.
4
13 - ((18 - 9) + (-4 - 0))
8
(31 - (-48 + 95)) + -15 + 0
-31
Calculate 25 + -10 + 17 - 27.
5
(4 + 6 + -18 - -4) + 2 + -2
-4
Calculate -2 - 6 - (-4 + -12).
8
-21 + (6 - -1) + 18
4
What is the value of 5 - -2 - ((12 + 14 - -8) + -11)?
-16
What is 6 + -17 + 13 - ((-2 - -1) + 0)?
3
Evaluate -25 + 30 + -24 - -16.
-3
Evaluate 403 - 374 - (3 - -18).
8
Evaluate (-31 - 25) + (-6 - -48).
-14
Evaluate (-9 - 2) + -7 + 16.
-2
What is -3 + (42 - 26) + -21 + 0?
-8
2 + -4 + -3 - (15 - 27)
7
What is the value of 159 + -147 + (7 - 8) + 1 + 7?
19
What is 4 - ((-10 + 7 - -14) + -14) - 10?
-3
What is the value of 1 - -26 - (10 - (0 + 1 - -3))?
21
Evaluate 27 + -23 + -7 + 0 + (2 - 2).
-3
Evaluate 40 + -8 + -5 + (4 - 2 - 5).
24
What is 1 + -1 - (3 - (7 + (4 - 18)))?
-10
5 + -9 - (-13 + 22 + -20)
7
Calculate (-2 - -7 - (11 + 0 + -5)) + -1.
-2
What is 0 + -4 + 24 + (9 + 5 - 16)?
18
What is -4 + 26 - (-92 - -98)?
16
What is the value of -8 - ((-1 - (10 + -1)) + (8 - 5))?
-1
What is -7 + 0 + (20 - 6 - 10)?
-3
Evaluate -77 + 66 - (3 - 49).
35
What is -2 - (-8 + -4 + 3)?
7
What is the value of 0 + -46 + -784 + 829?
-1
What is 4 - (-28 - 2 - -25)?
9
Evaluate (91 - 101) + (1 + -2 - -15).
4
Calculate -29 - (-4 - (0 - 2 - (-1 - -4))).
-30
Evaluate -15 - ((2 - -1) + -3 + 146 + -156).
-5
What is 13 - (9 - (-18 - -25))?
11
Calculate 163 - 158 - (0 + 9).
-4
What is the value of -9 - (0 - (-1 - -4)) - (9 + 1)?
-16
Calculate 0 - (7 + 8 - 10).
-5
What is the value of 7 + 4 + -5 + 1?
7
Evaluate -8 + -9 - (-8 - (3 - 2)).
-8
-22 - (-22 + -8) - (-2 + (-2 - -1))
11
What is the value of -15 + (40 - (-21 - -28))?
18
Calculate -8 + 4 + -26 + 26.
-4
What is (26 - 18 - (-3 + 9)) + -17?
-15
Calculate -1 + -5 - (2 - (-5 + 0 + -2)).
-15
Calculate 28 + -14 + -34 + 22.
2
Evaluate (613 - 609) + 2 + (0 - 2) + -1.
3
Calculate (-91 - -92) + (4 - -11).
16
Evaluate 28 - (10 - (-6 - (5 + -11 + -7))).
25
What is the value of -22 + (-1 + 11 - 2)?
-14
What is 58 + (-70 - -21) + (-1 - (0 - -8))?
0
6 + -9 - (0 - 10)
7
2 + -23 - (-305 - -257)
27
What is the value of 8 - 2 - (11 + 2 + -7) - -3?
3
Calculate (5 - (54 + -63 - (0 - 18))) + -2.
-6
Calculate (6 - (-7 + 12)) + -9 + -2 - -48.
38
What is 4 - (-2 - (1 - 5 - (-29 + 29)))?
2
What is (-500 - -497) + (-1 - -5) + -1 - 25?
-25
Evaluate -210 - -225 - (0 + 14).
1
Evaluate 2 - 4 - (-1 - 26 - (-586 + 550)).
-11
Evaluate (-2 - 22) + (440 - 408).
8
Calculate -7 + -8 + 5 - (9 - 15) - -18.
14
What is 3 + -2 + (-1 - -14) - (0 - 3)?
17
What is (3 - (0 + -6 - 3) - -12) + 5?
29
What is the value of 11 - ((2 - -8) + 10)?
-9
(-12 - -19 - 5) + (-2 - -8)
8
-2 + -6 - (-19 + (39 - 21))
-7
What is the value of -8 + (-19 - (-21 - -6)) - -36?
24
What is